ase 7) to base 4
-11320102330
What is a0920 (base 15) in base 13?
14a495
What is 207571 (base 9) in base 7?
1023361
-444345033 (base 6) to base 15
-a91780
Convert -13008 (base 15) to base 3.
-10002100022
Convert -3345445 (base 6) to base 15.
-35458
Convert -20465411 (base 8) to base 9.
-8163788
Convert -1210533 (base 8) to base 14.
-89071
-c116a (base 13) to base 4
-1110101202
-100208 (base 9) to base 7
-334436
Convert -100111101010110110 (base 2) to base 16.
-27ab6
What is 343530 (base 11) in base 9?
1022403
7320827 (base 9) to base 12
13873b1
What is 1001000110100110110 (base 2) in base 4?
1020310312
What is 6b592 (base 13) in base 15?
3d34c
Convert -39b765 (base 14) to base 2.
-111100110000011001101
-24b09 (base 12) to base 5
-3044402
Convert -1273352 (base 12) to base 8.
-15672456
Convert -15000633 (base 7) to base 9.
-2582036
What is -371673 (base 12) in base 10?
-894327
-49a956 (base 11) to base 15
-109308
Convert -111111110000110 (base 2) to base 11.
-22589
18186018 (base 9) to base 14
13029bb
9b212 (base 14) to base 11
237824
Convert 2a791 (base 11) to base 15.
cd79
Convert 2032137 (base 9) to base 15.
16635d
What is -10001200101110 (base 3) in base 9?
-3050343
What is -49499 (base 16) in base 11?
-195596
Convert 112043112 (base 5) to base 13.
147ba2
Convert -2070e4 (base 16) to base 15.
-2bee1c
What is -b12945 (base 12) in base 6?
-135114125
Convert -3211020 (base 5) to base 7.
-313046
What is -4660323 (base 11) in base 14?
-111ca88
Convert -b1ab31 (base 14) to base 12.
-2007047
What is 2114432 (base 5) in base 3?
1210212011
4541b (base 15) to base 14
5a3db
Convert 1002200200 (base 3) to base 6.
244113
What is 32124314 (base 5) in base 14?
70876
-341431022 (base 5) to base 9
-2757461
What is -7050367 (base 8) in base 13?
-4cc88b
67c229 (base 13) to base 3
11121200211112
What is -8d9aa2 (base 14) in base 9?
-10068771
Convert 6b5b5a (base 13) to base 5.
1123223343
What is 334eea (base 16) in base 14?
6375b4
Convert -18821 (base 16) to base 7.
-565445
Convert 28454 (base 13) to base 11.
51755
What is 1010010010001000111010 (base 2) in base 8?
12221072
767655 (base 8) to base 4
332332231
-11100011011110010111010 (base 2) to base 7
-120233302
Convert -177528 (base 9) to base 15.
-22b25
Convert -183101 (base 12) to base 11.
-267653
Convert -28c83 (base 15) to base 9.
-218716
-101042 (base 8) to base 7
-166061
127475 (base 11) to base 7
1462502
-2023031402 (base 5) to base 8
-17536165
What is -1003320300 (base 4) in base 6?
-5543200
-7a4181 (base 11) to base 16
-138545
Convert -10010010001001110100101 (base 2) to base 11.
-278118a
-16aa8a4 (base 14) to base 10
-11169792
Convert 3240441 (base 6) to base 7.
1240006
-17af85 (base 16) to base 8
-5727605
-101110000111101101 (base 2) to base 9
-317118
Convert 784053 (base 9) to base 15.
93d80
3561351 (base 7) to base 6
13404110
Convert 5e28c4 (base 15) to base 14.
857263
What is 16396 (base 10) in base 3?
211111021
-162201 (base 8) to base 3
-2222020120
What is 1f7e8 (base 16) in base 2?
11111011111101000
Convert e01a (base 15) to base 16.
b8ab
-1100061 (base 11) to base 10
-1932679
What is 25398 (base 10) in base 9?
37750
-2138047 (base 9) to base 13
-3123b5
Convert -a16da (base 14) to base 10.
-388272
-10101010010110000101110 (base 2) to base 12
-1a522ba
What is -11031020231 (base 4) in base 14?
-2773c1
834704 (base 9) to base 6
14342134
What is -22203110101 (base 4) in base 3?
-12012112101001
Convert 2264701 (base 11) to base 9.
7404047
What is -10202102 (base 4) in base 3?
-221111002
What is 3d7099 (base 14) in base 3?
11000022212020
Convert -10111201020001 (base 3) to base 2.
-111000111001000011000
What is -136664 (base 8) in base 14?
-139ac
Convert -402165 (base 8) to base 12.
-64619
1212200110001 (base 3) to base 8
3634335
11010112220 (base 3) to base 5
10100241
What is -1c4c5 (base 14) in base 8?
-215155
Convert -6b307 (base 12) to base 15.
-2c95d
-8095a6 (base 12) to base 2
-111101010000000001110
What is -54106 (base 8) in base 3?
-1010222222
What is -16958 (base 11) in base 9?
-35551
What is -100011001001011110 (base 2) in base 16?
-2325e
What is 6586155 (base 9) in base 5?
1401302014
What is 181332 (base 9) in base 6?
2225002
12413411 (base 5) to base 6
2345205
Convert -11521110 (base 8) to base 12.
-a21288
-310214204 (base 5) to base 7
-13454655
What is -1479132 (base 10) in base 16?
-1691dc
What is -111001110111100000 (base 2) in base 8?
-716740
What is 1443c9 (base 14) in base 3?
1022201122112
-333101103 (base 4) to base 15
-51bc0
Convert 130bc0 (base 13) to base 10.
458991
What is -124412011 (base 5) in base 15?
-c47c1
Convert -3705 (base 10) to base 4.
-321321
What is 53a427 (base 13) in base 7?
22462234
What is -111001101001110001011 (base 2) in base 11?
-10803a1
-802051 (base 14) to base 5
-2100330101
Convert 1187746 (base 10) to base 11.
74140a
What is -21012010022200 (base 3) in base 5?
-1434232143
What is 7168721 (base 9) in base 2?
1110100101110100011000
-147177 (base 8) to base 5
-3142423
3013422 (base 6) to base 9
235785
-10110010011011 (base 3) to base 10
-1832818
1c1700 (base 14) to base 15
14c272
Convert 513865 (base 11) to base 5.
202344203
What is 1010000101101010000 (base 2) in base 10?
330576
-11023c (base 15) to base 7
-6613665
What is 8b31 (base 12) in base 6?
155301
What is 24bd2 (base 15) in base 8?
345256
Convert 1424004 (base 7) to base 5.
22103210
What is b734a8 (base 12) in base 13?
7a17b8
Convert 353102 (base 7) to base 16.
f812
-72ca5 (base 15) to base 7
-3044111
6a677 (base 14) to base 9
434518
Convert -1151209 (base 10) to base 13.
-313cb7
Convert 2233300001 (base 4) to base 6.
23232425
What is -a2405 (base 16) in base 15?
-d1da6
What is 35b48 (base 15) in base 4?
221310131
8b62c3 (base 13) to base 6
154405230
What is 1777177 (base 9) in base 13?
28b439
Convert 13335732 (base 8) to base 13.
80c2c8
What is -817b9b (base 12) in base 9?
-3726032
Convert 11100111000010000 (base 2) to base 13.
41ac1
-47768 (base 14) to base 13
-61476
21313112 (base 5) to base 11
114a51
Convert 3344250 (base 6) to base 11.
106342
What is 111012011121 (base 3) in base 14?
6a8a4
484cb (base 14) to base 9
288188
Convert -733850 (base 9) to base 8.
-1523302
What is 14cd5d (base 15) in base 14?
1c2576
2eceb (base 16) to base 9
321885
Convert -190a1a (base 14) to base 6.
-30551440
-5d3c4 (base 14) to base 5
-24303022
Convert -438966 (base 11) to base 6.
-23000240
What is 1654485 (base 11) in base 5?
1210120343
What is 64422221 (base 7) in base 5?
2401002213
What is 50056516 (base 7) in base 15?
569491
1724a (base 12) to base 5
2030203
What is -2315420 (base 6) in base 2?
-11101000110000100
dc683 (base 16) to base 10
902787
What is -324240141 (base 5) in base 15?
-1c999b
20431140 (base 6) to base 15
bb510
946904 (base 14) to base 16
4c7b58
What is -3142061 (base 7) in base 5?
-44130322
Convert 2102221120 (base 4) to base 11.
380319
What is -c12dbe (base 16) in base 6?
-1131203502
Convert -1e825 (base 15) to base 16.
-1857e
1668756 (base 10) to base 4
12113122110
What is -22621044 (base 7) in base 10?
-1988403
Convert 15b82b5 (base 13) to base 5.
3243444012
Convert -247042 (base 8) to base 13.
-2cc1b
What is 330242013 (base 5) in base 11?
887339
What is -1b1127 (base 12) in base 7?
-4033003
c53a (base 16) to base 5
3103430
Convert 853497 (base 11) to base 3.
2120102001212
-50110554 (base 6) to base 8
-5277706
Convert 3322110300 (base 4) to base 11.
640387
Convert -2021330131 (base 4) to base 8.
-2117435
a28c (base 16) to base 6
520352
What is -5227f3 (base 16) in base 5?
-2334243204
Convert 986bc6 (base 14) to base 16.
4ed5ca
11506264 (base 7) to base 8
3726545
7d7993 (base 15) to base 6
332331350
-17758ab (base 14) to base 6
-1052100515
What is 5185b (base 12) in base 7?
622610
-41212020 (base 6) to base 8
-4407714
Convert -2021221 (base 5) to base 8.
-77656
Convert -43385b (base 12) to base 14.
-1d9a3d
Convert 2020103 (base 10) to base 4.
13231030013
What is -2a6146a (base 11) in base 13?
-11177b1
Convert 22110110112021 (base 3) to base 5.
2122344412
45165a (base 11) to base 4
2233222223
What is 16da15 (base 16) in base 6?
52033233
What is 277177 (base 14) in base 16?
14d065
-120011100021201 (base 3) to base 10
-8057116
What is -12507145 (base 9) in base 7?
-103146206
-208419 (b